{"id":820,"date":"2011-07-05T14:49:47","date_gmt":"2011-07-05T13:49:47","guid":{"rendered":"http:\/\/familjen.larsen.vc\/?page_id=820"},"modified":"2024-12-05T17:26:24","modified_gmt":"2024-12-05T16:26:24","slug":"elviras-onskelista","status":"publish","type":"page","link":"https:\/\/familjen.larsen.vc\/?page_id=820","title":{"rendered":"Elvira&#8217;s \u00f6nskelista"},"content":{"rendered":"<p><a title=\"Elvira's \u00f6nskelista\" href=\"http:\/\/elvira.larsen.vc\/?page_id=219\" target=\"_blank\" rel=\"noopener\">Elviras \u00f6nskelista: <\/a><\/p>\n<p>&nbsp;<\/p>\n<ul class=\"ul1\">\n<li class=\"li2\">K\u00f6ksknivar fr\u00e5n Global (de mindre varianterna)<\/li>\n<li class=\"li2\">Presentkort p\u00e5 IKEA &amp; MIO<\/li>\n<\/ul>\n<ul>\n<li style=\"list-style-type: none;\"><\/li>\n<\/ul>\n<ul>\n<li style=\"list-style-type: none;\"><\/li>\n<\/ul>\n<ul class=\"ul1\">\n<li class=\"li3\"><span class=\"s3\"><a href=\"https:\/\/www.hunkemoller.se\/kimono-lace-satin-svart-167066.html\" target=\"_blank\" rel=\"noopener\">Kimono\u00a0<\/a><\/span><\/li>\n<\/ul>\n","protected":false},"excerpt":{"rendered":"<p>Elviras \u00f6nskelista: &nbsp; K\u00f6ksknivar fr\u00e5n Global (de mindre varianterna) Presentkort p\u00e5 IKEA &amp; MIO Kimono\u00a0<\/p>\n","protected":false},"author":1,"featured_media":0,"parent":305,"menu_order":6,"comment_status":"closed","ping_status":"open","template":"","meta":{"footnotes":""},"class_list":["post-820","page","type-page","status-publish","hentry"],"_links":{"self":[{"href":"https:\/\/familjen.larsen.vc\/index.php?rest_route=\/wp\/v2\/pages\/820","targetHints":{"allow":["GET"]}}],"collection":[{"href":"https:\/\/familjen.larsen.vc\/index.php?rest_route=\/wp\/v2\/pages"}],"about":[{"href":"https:\/\/familjen.larsen.vc\/index.php?rest_route=\/wp\/v2\/types\/page"}],"author":[{"embeddable":true,"href":"https:\/\/familjen.larsen.vc\/index.php?rest_route=\/wp\/v2\/users\/1"}],"replies":[{"embeddable":true,"href":"https:\/\/familjen.larsen.vc\/index.php?rest_route=%2Fwp%2Fv2%2Fcomments&post=820"}],"version-history":[{"count":20,"href":"https:\/\/familjen.larsen.vc\/index.php?rest_route=\/wp\/v2\/pages\/820\/revisions"}],"predecessor-version":[{"id":5757,"href":"https:\/\/familjen.larsen.vc\/index.php?rest_route=\/wp\/v2\/pages\/820\/revisions\/5757"}],"up":[{"embeddable":true,"href":"https:\/\/familjen.larsen.vc\/index.php?rest_route=\/wp\/v2\/pages\/305"}],"wp:attachment":[{"href":"https:\/\/familjen.larsen.vc\/index.php?rest_route=%2Fwp%2Fv2%2Fmedia&parent=820"}],"curies":[{"name":"wp","href":"https:\/\/api.w.org\/{rel}","templated":true}]}}