{"id":305,"date":"2010-12-29T18:01:35","date_gmt":"2010-12-29T16:01:35","guid":{"rendered":"http:\/\/familjen.larsen.vc\/?page_id=305"},"modified":"2011-03-05T17:55:49","modified_gmt":"2011-03-05T16:55:49","slug":"onskelistor","status":"publish","type":"page","link":"https:\/\/familjen.larsen.vc\/?page_id=305","title":{"rendered":"\u00d6nskelistor"},"content":{"rendered":"<p>H\u00e4r kan ni som inloggade se upplagda \u00f6nskelistor.<\/p>\n","protected":false},"excerpt":{"rendered":"<p>H\u00e4r kan ni som inloggade se upplagda \u00f6nskelistor.<\/p>\n","protected":false},"author":1,"featured_media":0,"parent":0,"menu_order":4,"comment_status":"closed","ping_status":"closed","template":"","meta":{"footnotes":""},"class_list":["post-305","page","type-page","status-publish","hentry"],"_links":{"self":[{"href":"https:\/\/familjen.larsen.vc\/index.php?rest_route=\/wp\/v2\/pages\/305","targetHints":{"allow":["GET"]}}],"collection":[{"href":"https:\/\/familjen.larsen.vc\/index.php?rest_route=\/wp\/v2\/pages"}],"about":[{"href":"https:\/\/familjen.larsen.vc\/index.php?rest_route=\/wp\/v2\/types\/page"}],"author":[{"embeddable":true,"href":"https:\/\/familjen.larsen.vc\/index.php?rest_route=\/wp\/v2\/users\/1"}],"replies":[{"embeddable":true,"href":"https:\/\/familjen.larsen.vc\/index.php?rest_route=%2Fwp%2Fv2%2Fcomments&post=305"}],"version-history":[{"count":3,"href":"https:\/\/familjen.larsen.vc\/index.php?rest_route=\/wp\/v2\/pages\/305\/revisions"}],"predecessor-version":[{"id":388,"href":"https:\/\/familjen.larsen.vc\/index.php?rest_route=\/wp\/v2\/pages\/305\/revisions\/388"}],"wp:attachment":[{"href":"https:\/\/familjen.larsen.vc\/index.php?rest_route=%2Fwp%2Fv2%2Fmedia&parent=305"}],"curies":[{"name":"wp","href":"https:\/\/api.w.org\/{rel}","templated":true}]}}