{"id":300,"date":"2010-12-29T17:52:00","date_gmt":"2010-12-29T15:52:00","guid":{"rendered":"http:\/\/familjen.larsen.vc\/?page_id=300"},"modified":"2025-12-25T09:33:02","modified_gmt":"2025-12-25T08:33:02","slug":"emelies-onskelista","status":"publish","type":"page","link":"https:\/\/familjen.larsen.vc\/?page_id=300","title":{"rendered":"Emelie&#8217;s \u00f6nskelista"},"content":{"rendered":"<h3><\/h3>\n<ul>\n<li>Champagneglas <a href=\"https:\/\/www.cervera.se\/produkt\/orrefors-intermezzo-intermezzo-champagne-2-pack\">Orrefors intermezzo Guld<\/a><\/li>\n<li>Vinglas Orrefors intermezzo <a href=\"https:\/\/bagarenochkocken.se\/dukade-bordet\/dricksglas\/vinglas\/orrefors-intermezzo-bla-vinglas-aroma-62-cl\/\">Best\u00e4ll Intermezzo Bl\u00e5 Vinglas Aroma 62 cl fr\u00e5n Orrefors<\/a><\/li>\n<li><a href=\"https:\/\/www.rituals.com\/sv-se\/the-ritual-of-sakura-hair-body-mist-1112073.html?gclid=CjwKCAiAyfybBhBKEiwAgtB7fl7IpihajpWfzudt5NOWdb8XPO8X_k_FJde6uhfID4thTE2RLvbHERoCvhgQAvD_BwE&amp;gclsrc=aw.ds\">Rituals Hair and Body mist- the ritual of sakura<\/a><\/li>\n<li>Enkelt silverarmband fr\u00e5n Edblad: t.ex. <a href=\"https:\/\/www.edblad.com\/sv_se\/rope-chain-bracelet-steel-123505\">Rope Chain Bracelet Steel<\/a> eller <a href=\"https:\/\/www.edblad.com\/sv_se\/eternal-orbit-bracelet-steel-120173\">Eternal Orbit Bracelet Steel<\/a><\/li>\n<li>Svart underst\u00e4ll strl 40<\/li>\n<li>Regnjacka med fodrad insida och dragkedja strl 40<\/li>\n<li>Just dance 2024 edition till Nintendo Switch<\/li>\n<\/ul>\n\n\n<p><\/p>\n","protected":false},"excerpt":{"rendered":"<p>Champagneglas Orrefors intermezzo Guld Vinglas Orrefors intermezzo Best\u00e4ll Intermezzo Bl\u00e5 Vinglas Aroma 62 cl fr\u00e5n Orrefors Rituals Hair and Body mist- the ritual of sakura Enkelt silverarmband fr\u00e5n Edblad: t.ex. Rope Chain Bracelet Steel eller Eternal Orbit Bracelet Steel Svart underst\u00e4ll strl 40 Regnjacka med fodrad insida och dragkedja strl 40 Just dance 2024 edition [&hellip;]<\/p>\n","protected":false},"author":4,"featured_media":0,"parent":305,"menu_order":3,"comment_status":"closed","ping_status":"open","template":"","meta":{"footnotes":""},"class_list":["post-300","page","type-page","status-publish","hentry"],"_links":{"self":[{"href":"https:\/\/familjen.larsen.vc\/index.php?rest_route=\/wp\/v2\/pages\/300","targetHints":{"allow":["GET"]}}],"collection":[{"href":"https:\/\/familjen.larsen.vc\/index.php?rest_route=\/wp\/v2\/pages"}],"about":[{"href":"https:\/\/familjen.larsen.vc\/index.php?rest_route=\/wp\/v2\/types\/page"}],"author":[{"embeddable":true,"href":"https:\/\/familjen.larsen.vc\/index.php?rest_route=\/wp\/v2\/users\/4"}],"replies":[{"embeddable":true,"href":"https:\/\/familjen.larsen.vc\/index.php?rest_route=%2Fwp%2Fv2%2Fcomments&post=300"}],"version-history":[{"count":46,"href":"https:\/\/familjen.larsen.vc\/index.php?rest_route=\/wp\/v2\/pages\/300\/revisions"}],"predecessor-version":[{"id":10055,"href":"https:\/\/familjen.larsen.vc\/index.php?rest_route=\/wp\/v2\/pages\/300\/revisions\/10055"}],"up":[{"embeddable":true,"href":"https:\/\/familjen.larsen.vc\/index.php?rest_route=\/wp\/v2\/pages\/305"}],"wp:attachment":[{"href":"https:\/\/familjen.larsen.vc\/index.php?rest_route=%2Fwp%2Fv2%2Fmedia&parent=300"}],"curies":[{"name":"wp","href":"https:\/\/api.w.org\/{rel}","templated":true}]}}